j and 2?
2
Let n = 532 + -499. Calculate the highest common divisor of n and 27.
3
Suppose -i - v + 373 = -500, -5*v + 3496 = 4*i. What is the greatest common divisor of 11 and i?
11
Let x(s) = -s**3 - s**2 + 5*s + 7. Let p be x(-5). Suppose 2*q - p - 78 = 0. Let d be 24/(-16)*20/(-3). What is the highest common divisor of d and q?
10
Let g = -91 + 1014. What is the highest common divisor of g and 71?
71
Let a be (-31 - 4)/((-2)/4). Suppose -12*s + 2*s = -70. Calculate the highest common divisor of a and s.
7
Let i = 15469 + -15462. Suppose -5*n - 5*j = 0, n + 0*n - 5*j - 6 = 0. Calculate the highest common factor of n and i.
1
Let p be -92*(2 + -2 + -1). Calculate the greatest common divisor of p and 4.
4
Suppose 0 = 4*f + 10 + 50. Let x be (-8)/(-16) + f/(-2). What is the highest common divisor of 24 and x?
8
Let u(a) be the third derivative of -a**4/24 + a**3/2 + 35*a**2. Let k be u(-10). What is the highest common divisor of 13 and k?
13
Suppose 0 = 4*n - 3*n + 1. Let b(a) = 25*a**2. Let c be b(n). What is the highest common divisor of 175 and c?
25
Suppose -4*i - 12 = -3*o, -160*o - 4*i + 60 = -157*o. Suppose -5*t + 10 = -10. What is the highest common divisor of o and t?
4
Let c(b) = b**3 + 9*b**2 - 3*b + 16. Let l be c(-7). Suppose -90 = 3*t - 4*t. What is the highest common divisor of l and t?
45
Let h = 131 + -96. What is the greatest common divisor of 140 and h?
35
Let b(y) = -y**2 + y + 8. Let i be b(0). Let r(u) = 2*u**3 - 15*u**2 + 10*u - 5. Let p be r(7). What is the greatest common divisor of i and p?
8
Suppose -4*a = -5*v + 228, -3*v - 4*a = -0*a - 124. Let p(y) = y**3 - 6*y**2 + 7*y + 1. Let r be p(5). What is the highest common factor of r and v?
11
Let s(p) be the second derivative of p**5/20 - 7*p**4/12 + 3*p**3/2 - 9*p**2/2 - 5*p. Let h be s(7). Calculate the greatest common divisor of 6 and h.
6
Suppose -3*s + 2*s - 347 = -2*a, 3*a + 2*s = 510. Suppose 5*u = 178 + a. Calculate the highest common divisor of u and 10.
10
Let z(d) = 32*d - 4. Let u be z(2). Let b = 12 - u. Let a = 118 + b. Calculate the highest common divisor of 10 and a.
10
Let m = 33 - 25. Suppose 5*i + 2*t + t = 375, -i + 4*t = -52. Calculate the greatest common divisor of m and i.
8
Suppose 79*p - 9881 + 1033 = 0. Calculate the highest common factor of p and 364.
28
Let j(g) = -2*g**2 + 13*g + 10. Suppose 11 = 2*l + 1. Let x = l + 2. Let q be j(x). What is the greatest common divisor of 15 and q?
3
Let j be ((-10)/4)/((-2)/4). Let g be 6/(-45)*-18 + 54/(-135). What is the highest common factor of g and j?
1
Let m = -58 + -22. Let g = m + 498. What is the greatest common factor of 38 and g?
38
Suppose 32 = -3*q - 4. Let z(l) = 2*l + 6. Let x be z(q). Let p be (-286)/(-10) - x/(-30). What is the greatest common divisor of p and 7?
7
Suppose 354 = 4*z - 330. What is the highest common factor of z and 45?
9
Suppose -3*v + 68 = 2*l, -5*l - 51 = 13*v - 14*v. What is the highest common divisor of 598 and v?
26
Suppose -17 - 43 = -2*w + 4*v, 110 = 5*w - 2*v. Suppose n - 6*n + w = 0. Let t be (2 - (1 - n))*1. What is the highest common factor of t and 15?
5
Let u(h) = 25*h - 86. Let d be u(4). Suppose -224 = -0*l - 2*l + 5*f, 3*l - 4*f - 336 = 0. Calculate the highest common divisor of d and l.
14
Suppose 5*n + 227 - 247 = 0. What is the greatest common factor of 148 and n?
4
Suppose 2*c = -4*b + 56, -4*c + 2*c + 11 = b. Calculate the greatest common factor of 345 and b.
15
Suppose -53*s + 155 = -269. Suppose 2*t + 80 = 4*t. What is the highest common factor of t and s?
8
Let v(a) = a**3 + 8*a**2 - 5*a - 22. Let l be v(-6). What is the greatest common factor of l and 8?
8
Suppose 9 + 36 = 5*g. Let v(q) = -3*q**2 - 27*q + 3. Let n be v(-9). Calculate the greatest common divisor of n and g.
3
Suppose -4*p + p - 5*j = -32, 3*p - 25 = 2*j. Let h be (-12)/p*(-27)/3. What is the highest common factor of 132 and h?
12
Suppose -3*p + 5 = 14, 2*r - 4*p = 628. Calculate the greatest common factor of r and 44.
44
Suppose -2*s - 6 = -5*s. Suppose s*g + 26 = 5*y - y, -5*y + 46 = 2*g. Suppose 3*x - 7 = -4. Calculate the highest common factor of x and y.
1
Suppose c = -4*c + 55. Let u = c - 7. Let k be 25/(4/u*1). What is the highest common factor of k and 50?
25
Let g be 2/1 + 16 + -15. Suppose 5*w = g*r - 605, 0*w - 398 = -2*r - 2*w. Let s = -37 - -62. What is the highest common factor of s and r?
25
Let l be (5/5)/((-2)/(-10)). Suppose 8 - 2 = 3*j. Suppose -3*r - 2 = -4*i, j*i + 3*r - 8 = r. What is the greatest common factor of l and i?
1
Suppose 0 = 5*u - 6*u + 19. What is the greatest common factor of 513 and u?
19
Suppose 0*f + 2*f = 24. Let i be f/18 + (-28)/(-3). Suppose -7*o + 2*o + 2*w + 129 = 0, -w - 2 = 0. Calculate the greatest common divisor of i and o.
5
Suppose -48 = -b - b + 3*o, -5*o + 20 = 0. Suppose -5*m + 6*m - 3 = 0. Suppose -m*k = -37 + 19. What is the greatest common factor of b and k?
6
Let p(x) = -x**2 + 11*x + 2. Let i be p(11). Let v be (72/(-16))/(i/(-4)). Calculate the greatest common factor of v and 3.
3
Let m be 1/(4 + 28/(-8)). Let v be (m/(-3))/(7 - (-5865)/(-837)). Calculate the greatest common factor of 62 and v.
31
Let y be (-16)/(-6)*(-15)/(-10). Let s be 12 + 3/(-3) + 1. Calculate the highest common divisor of s and y.
4
Let d = 14 + 25. Suppose 0 = -2*i + 4, 4*q + 5*i - 62 = -0*i. Calculate the highest common divisor of d and q.
13
Let f be -1 - -1 - (-9 + (-1 - -3)). Let k(a) = a**2 - 3*a + 5. Let w be k(f). What is the greatest common factor of w and 22?
11
Let v(g) = g**3 - 14*g**2 - 32*g + 10. Let o be v(16). Let b = 22 - o. Calculate the highest common factor of b and 24.
12
Suppose -3*s - 52*p + 57*p + 8185 = 0, 2*s = 5*p + 5450. What is the greatest common divisor of s and 5?
5
Suppose -4*c = 4*q - 36, -86*c = -5*q - 84*c + 17. Let p be (-2 + 1 + 1)/(-1). Suppose 4*k - k - 75 = p. What is the greatest common divisor of k and q?
5
Suppose 2*h + 0*h = -3*o + 266, -454 = -5*o + 2*h. Suppose 49 - 289 = -z. Suppose -4*g + 0*g + z = 0. What is the highest common factor of o and g?
30
Let k be (-147)/(-1 + 2)*-1. Let s be 4/(-14) + 1192/56. What is the greatest common divisor of k and s?
21
Let d(s) = s**2 + 15*s + 2. Let u(g) = g + 9. Let n be u(-16). Let q be d(n). Let l = q - -119. What is the greatest common divisor of l and 26?
13
Let m be 17 + (16 + -10)/(-6). What is the greatest common factor of m and 40?
8
Suppose -8*j + 1563 + 1173 = 0. What is the highest common factor of 2 and j?
2
Let f = 788 - 604. What is the greatest common factor of f and 23?
23
Let r be 23*3 + (-9)/(-45)*25. Calculate the greatest common factor of 74 and r.
74
Let p(b) be the second derivative of b**3/6 + 5*b**2 - 12*b. Let r be p(-6). Suppose r*f - 57 = -13. What is the greatest common divisor of 11 and f?
11
Suppose -4*j - 277 = -9*j - 2*y, -3 = -3*y. What is the highest common divisor of 11 and j?
11
Let d(g) = g**2 - 3*g - 8. Let b be d(5). Suppose j + a - 15 = 23, j + b*a - 43 = 0. What is the highest common factor of 231 and j?
33
Let q = 349 + -277. Calculate the greatest common divisor of q and 54.
18
Suppose 0 = -5*o + 8*u - 4*u + 76, -o - 8 = 5*u. Suppose -o*z + 10*z = -26. What is the greatest common divisor of z and 91?
13
Suppose 17*b = 68 + 34. What is the greatest common factor of b and 3?
3
Let q be 3/2 + (-7452)/(-72). What is the highest common factor of q and 60?
15
Suppose -219*x + 221*x = 272. Calculate the greatest common factor of 68 and x.
68
Let t = -33 - -55. Let r = -30 + t. Let w(a) = 2*a**2 + 15*a - 4. Let b be w(r). What is the highest common factor of 20 and b?
4
Let q = 20 + -9. Suppose q = i - 5*y, 0*i = -5*i - y + 185. Suppose -3*d + 38 = 4*m, -4*d + i = m + 7. Calculate the highest common factor of d and 2.
2
Let t be (9/(36/1564))/(-2 + 3). What is the highest common factor of t and 51?
17
Suppose -20*r - 3*t - 50 = -21*r, 186 = 4*r - 5*t. What is the highest common factor of r and 20?
4
Let v(i) = 0 - 5*i**2 + 22 + 9 - i**3 + 4*i. Let n be v(-5). Calculate the highest common factor of 77 and n.
11
Suppose -2*r + 7*r + 2*o - 37 = 0, 5*r + 3*o - 33 = 0. Suppose 3*d - 2*t + 0*t = 25, 16 = 2*d - 2*t. Calculate the greatest common factor of r and d.
9
Suppose -80 = -7*n + 2*n. Let r = 344 + -216. Calculate the greate